site?
True
Is 10672727809 a prime number?
False
Is 45119800811 a prime number?
True
Is 1815735023 a composite number?
True
Is 677019227 prime?
True
Is 170223827 composite?
True
Is 1465493929 prime?
True
Is 414474173 composite?
True
Is 35268231 a prime number?
False
Is 990026209 a prime number?
True
Is 1540813682 a prime number?
False
Is 32691048713 a composite number?
True
Is 231761186 a prime number?
False
Is 1997359001 a prime number?
False
Is 26801026519 a prime number?
True
Is 1310194903 a composite number?
False
Is 4923224833 composite?
True
Is 10648494509 a composite number?
True
Is 22985731 prime?
False
Is 1776738871 a composite number?
False
Is 123363589 prime?
True
Is 5171116693 a composite number?
True
Is 1661058917 prime?
False
Is 11789765777 prime?
True
Is 24854264093 composite?
True
Is 867264947 prime?
True
Is 12999125203 prime?
True
Is 5895409881 composite?
True
Is 19387527779 a composite number?
True
Is 172278315191 a composite number?
False
Is 5802347233 a composite number?
True
Is 1031937673 prime?
False
Is 50837951 a prime number?
True
Is 6606727639 prime?
True
Is 6131302267 a composite number?
True
Is 1533994601 prime?
False
Is 2462127113 a composite number?
False
Is 756987877 a prime number?
False
Is 1679012473 a prime number?
False
Is 795392431 a composite number?
True
Is 3125268857 prime?
True
Is 1636062977 prime?
False
Is 3171356299 a prime number?
True
Is 2233066579 prime?
True
Is 620159699 prime?
True
Is 31808900671 composite?
True
Is 759129523 a prime number?
True
Is 4064735735 a prime number?
False
Is 1490589049 a prime number?
True
Is 115718757661 composite?
True
Is 4772972641 composite?
True
Is 432779539 composite?
False
Is 5864296597 prime?
False
Is 7132909307 composite?
False
Is 242552681 a composite number?
True
Is 9094284695 composite?
True
Is 4948493321 prime?
True
Is 725073289 a prime number?
True
Is 28338486977 prime?
True
Is 117394463627 prime?
False
Is 1871826809 composite?
False
Is 30174965477 composite?
False
Is 2565399379 a composite number?
True
Is 6346213261 prime?
True
Is 3542243 a prime number?
True
Is 11989068335 a prime number?
False
Is 7124673893 a composite number?
True
Is 2533783789 a prime number?
True
Is 619111211 prime?
True
Is 39671387339 composite?
False
Is 24712843853 composite?
True
Is 2753317711 composite?
False
Is 56933478841 a composite number?
False
Is 73130626667 prime?
False
Is 670367389 composite?
False
Is 1858621093 composite?
True
Is 39528147 a prime number?
False
Is 237123709 a composite number?
True
Is 49377332561 a composite number?
False
Is 2631414587 prime?
False
Is 65267303 a composite number?
False
Is 15005765387 prime?
True
Is 51152469727 composite?
False
Is 16217306449 a composite number?
False
Is 29994954541 prime?
True
Is 4567392917 a composite number?
False
Is 23432737 a prime number?
True
Is 74394975961 a composite number?
False
Is 27922713811 prime?
False
Is 40598530891 a composite number?
True
Is 2597653399 a composite number?
True
Is 927880963 a composite number?
True
Is 69014133157 a composite number?
False
Is 30286720817 a composite number?
True
Is 349488235 composite?
True
Is 11654891 a composite number?
False
Is 218694168271 a composite number?
False
Is 328352653 a prime number?
True
Is 2302002141 prime?
False
Is 45897240251 composite?
False
Is 306273883 prime?
True
Is 55463093 composite?
True
Is 4149142013 prime?
True
Is 442798189 composite?
False
Is 74785539253 prime?
True
Is 109674767926 composite?
True
Is 50909213737 prime?
False
Is 8220411259 prime?
True
Is 26126241887 composite?
False
Is 7312583057 a prime number?
False
Is 65664438773 composite?
True
Is 4762206199 a composite number?
False
Is 22194941451 a prime number?
False
Is 10102572643 a prime number?
False
Is 5811164747 a prime number?
True
Is 383961685 composite?
True
Is 498208729 prime?
True
Is 60072527 prime?
False
Is 187970527 a prime number?
False
Is 830761706 composite?
True
Is 14423097659 a composite number?
False
Is 243953599 a prime number?
True
Is 15276056693 prime?
False
Is 808423541 prime?
False
Is 5304978161 a composite number?
True
Is 1503420379 composite?
False
Is 46521042413 composite?
False
Is 13501326161 composite?
False
Is 13586364461 prime?
False
Is 591331729 composite?
True
Is 32168975843 composite?
False
Is 397636433 composite?
True
Is 7135276481 a prime number?
False
Is 4473406283 a composite number?
False
Is 71574282251 a composite number?
False
Is 7214971811 prime?
False
Is 12918970823 prime?
False
Is 86272325219 a prime number?
True
Is 933904661 composite?
True
Is 1955010293 a prime number?
False
Is 4691996437 a composite number?
False
Is 28525969469 a composite number?
False
Is 14600693841 a prime number?
False
Is 529816151 composite?
False
Is 720443209 a composite number?
True
Is 20576823599 a composite number?
True
Is 297319966 composite?
True
Is 44661525217 a composite number?
False
Is 16597285609 composite?
False
Is 3707157533 a composite number?
True
Is 38882137381 a composite number?
False
Is 1656930947 a prime number?
False
Is 11585470957 a composite number?
True
Is 3672495683 a composite number?
False
Is 3023976587 prime?
False
Is 5240244007 prime?
True
Is 120152426071 a prime number?
False
Is 4457375479 a prime number?
True
Is 32912018053 composite?
True
Is 9028430777 a prime number?
True
Is 16816793347 composite?
False
Is 273105196557 composite?
True
Is 10375867891 a prime number?
True
Is 10854170255 composite?
True
Is 61231921 a prime number?
True
Is 65755493 prime?
False
Is 164441904041 composite?
False
Is 2412732781 composite?
True
Is 1168418431 prime?
True
Is 59138916223 composite?
False
Is 2531859609 prime?
False
Is 26266269457 composite?
False
Is 5490856009 a composite number?
False
Is 10584751403 prime?
True
Is 52762807289 a composite number?
True
Is 95762493283 a composite number?
True
Is 1657786321 a prime number?
True
Is 1128336049 composite?
False
Is 104271480569 composite?
False
Is 11717911459 a prime number?
False
Is 1824276973 a composite number?
True
Is 79530449 composite?
True
Is 370905445 a composite number?
True
Is 8075516723 a composite number?
False
Is 698373397 composite?
False
Is 1860158801 prime?
False
Is 930932647 composite?
True
Is 9772730447 composite?
False
Is 555240991 prime?
True
Is 5101701103 prime?
True
Is 3760369979 a prime number?
True
Is 54362897174 composite?
True
Is 742437341 a prime number?
False
Is 135021493 composite?
True
Is 640510847 composite?
False
Is 660145457 prime?
False
Is 240294257 a composite number?
True
Is 151848847 prime?
False
Is 9863764646 composite?
True
Is 7014755633 a composite number?
True
Is 82502187137 a prime number?
True
Is 43602883 composite?
True
Is 809409959 composite?
True
Is 15533173351 composite?
False
Is 943056437 prime?
True
Is 5646190777 composite?
False
Is 4670761973 a prime number?
True
Is 839424269 a prime number?
False
Is 1157991449 a prime number?
False
Is 58708142789 a prime number?
True
Is 2932638073 prime?
True
Is 17737119623 a composite number?
False
Is 640808797 a prime number?
True
Is 8058228949 prime?
True
Is 167262117323 prime?
False
Is 355751909 a composite number?
True
Is 2531768557 prime?
True
Is 238519651 a composite number?
False
Is 1097040541 composite?
True
Is 1454810573 prime?
False
Is 1199875513 prime?
True
Is 33897361637 a composite number?
False
Is 892855801 composite?
False
Is 1030583734 prime?
False
Is 48070193417 composite?
False
Is 70382904763 a prime number?
True
Is 2510386213 a composite number?
False
Is 2607445231 composite?
True
Is 4120235558 a composite number?
True
Is 144125999 prime?
True
Is 2651547199 a composite number?
True
Is 6708291671 prime?
True
Is 946107463 a composite number?
True
Is 100824491 a prime number?
True
Is 231378562379 composite?
False
Is 2353874 a prime number?
False
Is 88825733 composite?
True
Is 6741722333 composite?
False
Is 63479899337 prime?
False
Is 248759048401 a prime number?
False
Is 105181143 a composite number?
True
Is 1133672923 a prime number?
True
Is 2387048473 a prime number?
True
Is 329471167 prime?
True
Is 14236730527 a composite number?
False
Is 8731959799 a composite number?
False
Is 1566893599 prime?
True
Is 1509825623 a prime number?
False
Is 151362697 a prime number?
True
Is 323340067 a prime number?
False
Is 